 base 13, what is -4 - -15a?
156
In base 13, what is 69 - 149?
-b0
In base 6, what is -144344 - 11?
-144355
In base 12, what is 2b77 - 3?
2b74
In base 9, what is -2 - 406124?
-406126
In base 10, what is -10031 + -47?
-10078
In base 13, what is ac + -1917?
-1838
In base 13, what is 313cb + -12?
313b9
In base 9, what is -4870 - 651?
-5631
In base 4, what is -10213 - 3232?
-20111
In base 13, what is 573 + -159?
417
In base 3, what is -1000221100 - 10?
-1000221110
In base 5, what is 0 - -110110?
110110
In base 14, what is 3 - -570b?
5710
In base 2, what is -110101110110010 - -11?
-110101110101111
In base 13, what is 335882 - -3?
335885
In base 12, what is -12ba7 + -47?
-13032
In base 13, what is -11595 - 3c?
-11604
In base 5, what is 1 - 3333231?
-3333230
In base 10, what is 15623 + -185?
15438
In base 16, what is c738 + 4?
c73c
In base 3, what is 1201202 - -1?
1201210
In base 12, what is -1 - -125b95?
125b94
In base 12, what is -317 + -30?
-347
In base 14, what is 3d04 - -8?
3d0c
In base 5, what is -4 - -313120?
313111
In base 14, what is -2 + 6231?
622d
In base 4, what is 11 - 1233?
-1222
In base 5, what is 3223 + 2301?
11024
In base 15, what is 16eb - 32?
16b9
In base 5, what is -1311444 - -10?
-1311434
In base 8, what is -5 + 520147?
520142
In base 11, what is -503 + 351?
-162
In base 8, what is 14302 - 1?
14301
In base 13, what is 57 - 6194?
-613a
In base 9, what is 116 - 33?
73
In base 7, what is 1 - 144101?
-144100
In base 8, what is 164 - -45307?
45473
In base 6, what is -11 - 4324250?
-4324301
In base 15, what is -4 + 8215?
8211
In base 9, what is 21 + -3708?
-3677
In base 10, what is -1 + 205667?
205666
In base 10, what is -4 + -9322?
-9326
In base 13, what is -19 - -158a0?
15884
In base 7, what is -1 + -10230?
-10231
In base 13, what is 61 - 293?
-232
In base 3, what is 12 + -1201120000?
-1201112211
In base 9, what is -8 + 161875?
161866
In base 9, what is 12633 + 0?
12633
In base 8, what is 5 + 7660?
7665
In base 14, what is 36d1 - -a?
36db
In base 4, what is -20211132 - 31?
-20211223
In base 5, what is -1 - 114111222?
-114111223
In base 6, what is -41302 + 1?
-41301
In base 5, what is 14202 - 22400?
-3143
In base 12, what is -2 - -1382b?
13829
In base 6, what is -4 + -1131350?
-1131354
In base 2, what is 1110110100 - 10000101?
1100101111
In base 13, what is 439b - 0?
439b
In base 7, what is -2210 + -11446?
-13656
In base 10, what is -2856 - -25?
-2831
In base 6, what is -404 - 524032?
-524440
In base 10, what is 39 - -3779?
3818
In base 15, what is 5632 + -3?
562e
In base 5, what is -222124 - -32?
-222042
In base 3, what is 2002 - -200102?
202111
In base 2, what is 10100010100000000 + -10100?
10100010011101100
In base 15, what is 4 + -3a71?
-3a6c
In base 9, what is 4 + -12161?
-12156
In base 8, what is 1160050 + 4?
1160054
In base 12, what is 54 + -3b?
15
In base 7, what is -5 - 30144?
-30152
In base 7, what is 210 - -31403?
31613
In base 10, what is -11 - 35451?
-35462
In base 5, what is -1341 + 122231?
120340
In base 6, what is -14 + 42451?
42433
In base 8, what is 220 + 3535?
3755
In base 12, what is -3 - 141878?
-14187b
In base 3, what is 10 - 12100120?
-12100110
In base 16, what is 23c5 + 17?
23dc
In base 4, what is 1003330 + -3?
1003321
In base 16, what is 1cba7 + -2?
1cba5
In base 11, what is 237a24 + 1?
237a25
In base 11, what is -293 + -89?
-371
In base 12, what is -45 - 88a?
-913
In base 10, what is -3 - 72954?
-72957
In base 6, what is 102134 + -1?
102133
In base 10, what is -47115 - 2?
-47117
In base 4, what is 33211120233 - -2?
33211120301
In base 13, what is a - 761b2?
-761a5
In base 5, what is 4 - 32344442?
-32344433
In base 12, what is 1087a - -1?
1087b
In base 16, what is 232 - e0b?
-bd9
In base 16, what is 4 + -174f?
-174b
In base 8, what is -4 + 23417?
23413
In base 3, what is 1120002220 + -12?
1120002201
In base 5, what is -31 + -1140124?
-1140210
In base 5, what is 103302 - 234?
103013
In base 8, what is 16036 - 25?
16011
In base 2, what is 10000010010110 - 1111?
10000010000111
In base 11, what is 3 - 13095?
-13092
In base 12, what is -1912 + -5a?
-1970
In base 11, what is 16a + -3268?
-30a9
In base 10, what is -8899 - -936?
-7963
In base 8, what is -3 - -40722?
40717
In base 14, what is 8 - -d19?
d23
In base 11, what is 579a36 + 1?
579a37
In base 14, what is 30d52 + -3?
30d4d
In base 3, what is 12112210202 + -11?
12112210121
In base 15, what is 16aa7 + -e?
16a98
In base 5, what is -11 - 1112242?
-1112303
In base 10, what is 3910091 + -3?
3910088
In base 7, what is -61111 - 52?
-61163
In base 7, what is 265 - 1?
264
In base 7, what is -1004 + -5163?
-6200
In base 4, what is -11 + 10312?
10301
In base 8, what is -35 + -31272?
-31327
In base 13, what is 2 - -431a?
431c
In base 14, what is -5 + -ba1?
-ba6
In base 11, what is -4 - 5a236?
-5a23a
In base 10, what is 2698 + -167?
2531
In base 4, what is 13320330 + -11?
13320313
In base 11, what is 2 - a9a2?
-a9a0
In base 6, what is -3450300 + -5?
-3450305
In base 5, what is 2 + 112442?
112444
In base 12, what is 90 + 1312?
13a2
In base 5, what is 31 + 2300?
2331
In base 3, what is -111 + 2112200110?
2112122222
In base 3, what is -221 + -12020121101?
-12020122022
In base 4, what is -1222220 + -21?
-1222301
In base 2, what is -10 + 1101010010000110?
1101010010000100
In base 4, what is 3133032002 + -10?
3133031332
In base 6, what is 12013 - 300?
11313
In base 15, what is -2 + 14d9?
14d7
In base 14, what is -4a + -5770?
-57ba
In base 2, what is 1000 + -100111010010?
-100111001010
In base 2, what is -10010101 + 100101000?
10010011
In base 13, what is -568 - 60?
-5c8
In base 2, what is 1101 + -111011001?
-111001100
In base 9, what is 5 + -23634?
-23628
In base 12, what is 3706a + 1?
3706b
In base 10, what is 73 - 453?
-380
In base 2, what is -10010001 - -11011111?
1001110
In base 11, what is -3 + 805?
802
In base 7, what is -22243 - -6?
-22234
In base 7, what is -22 + 4160?
4135
In base 2, what is 100 - 10011100111100?
-10011100111000
In base 10, what is -3 + -28854?
-28857
In base 12, what is -10 - 6521?
-6531
In base 5, what is -41104 + 2003?
-34101
In base 12, what is -213 - -599?
386
In base 8, what is -125 - -1473?
1346
In base 16, what is -2 + -1a958?
-1a95a
In base 16, what is 6 - -1a602?
1a608
In base 11, what is 583883 - 3?
583880
In base 12, what is -2 - -214684?
214682
In base 5, what is 24 + 2304?
2333
In base 5, what is -420401 + -1?
-420402
In base 12, what is -38b0 - -9?
-38a3
In base 4, what is 11 + 30112201?
30112212
In base 6, what is -20 + 2255423?
2255403
In base 4, what is 13 + -330101?
-330022
In base 11, what is 1899 + -3?
1896
In base 14, what is -1 + -18454?
-18455
In base 9, what is 211 - 6743?
-6532
In base 12, what is 54b0 + -b?
54a1
In base 10, what is 24 - -5180?
5204
In base 7, what is 14 - -52541?
52555
In base 5, what is 1 + -1311232?
-1311231
In base 9, what is -5 - -3858?
3853
In base 6, what is 3 - 10433233?
-10433230
In base 8, what is 4 + 1441426?
1441432
In base 10, what is 1 + 80625?
80626
In base 9, what is 30172 - 1?
30171
In base 3, what is -121 + 1211200?
1211002
In base 14, what is -1d8 + -dc?
-2d6
In base 14, what is -5 + -11635?
-1163a
In base 11, what is -3173959 - -3?
-3173956
In base 2, what is 10000011 - 1011000011?
-1001000000
In base 16, what is 9c95 - -8?
9c9d
In base 3, what is 2 + -211212222?
-211212220
In base 8, what is 45 + -557?
-512
In base 16, what is 58dd + 3?
58e0
In base 4, what is 0 - 110321211?
-110321211
In base 6, what is 41503 - -2?
41505
In base 7, what is -202 + 2546?
2344
In base 16, what is e1d + -21?
dfc
In base 10, what is -51869 + -5?
-51874
In base 12, what is 749178 - 4?
749174
In base 7, what is -464 + 11642?
11145
In base 4, what is -11 + 1210232310?
1210232233
In base 10, what is 202 + 241?
443
In base 11, what is 10a8 + -22a?
979
In base 4, what is 212 - -11003?
11221
In base 9, what is -173761 - -1?
-173760
In base 7, what is -14 - -5103520?
5103503
In base 7, what is 143 + 2?
145
In base 14, what is d + -b89?
-b7a
In base 11, what is 7747 + 0?
7747
In base 2, what is 1010 + 1110101000100?
1110101001110
In base 3, what is -1100120110 + 2?
-1100120101
In base 4, what is 13112101 + 1?
13112102
In base 16, what is -36e3d - -b?
-36e32
In base 11, what is 25 + -815?
-7a0
In base 8, what is 1222